 is 21 (base 6) in base 12?
11
What is 344 (base 6) in base 10?
136
35 (base 15) to base 9
55
Convert -63 (base 13) to base 16.
-51
Convert 2 (base 5) to base 16.
2
Convert 4 (base 9) to base 3.
11
What is 1 (base 14) in base 12?
1
What is 33 (base 12) in base 14?
2b
Convert -7 (base 10) to base 14.
-7
Convert -1333 (base 5) to base 12.
-162
-1 (base 16) to base 14
-1
11 (base 3) to base 4
10
Convert -2 (base 13) to base 14.
-2
-91 (base 16) to base 10
-145
-10 (base 9) to base 12
-9
Convert 11 (base 10) to base 9.
12
What is 5 (base 11) in base 15?
5
-12 (base 13) to base 4
-33
What is 0 (base 16) in base 10?
0
Convert -200 (base 4) to base 14.
-24
Convert 2 (base 16) to base 10.
2
Convert 1 (base 5) to base 11.
1
What is -10a (base 11) in base 13?
-a1
Convert -3d (base 14) to base 6.
-131
What is 13 (base 7) in base 12?
a
-30 (base 4) to base 2
-1100
5 (base 8) to base 14
5
63 (base 8) to base 13
3c
-97 (base 14) to base 5
-1013
What is 21 (base 5) in base 13?
b
-2 (base 12) to base 9
-2
What is 2 (base 13) in base 11?
2
What is -25 (base 9) in base 16?
-17
What is -24 (base 5) in base 13?
-11
1001001 (base 2) to base 4
1021
What is -4e (base 15) in base 7?
-134
Convert -12 (base 15) to base 16.
-11
-43 (base 15) to base 6
-143
Convert -3 (base 8) to base 14.
-3
122 (base 3) to base 10
17
1 (base 6) to base 13
1
Convert -2 (base 4) to base 12.
-2
Convert 5 (base 9) to base 12.
5
100 (base 2) to base 16
4
Convert -3 (base 12) to base 8.
-3
Convert 2 (base 13) to base 2.
10
Convert -7 (base 15) to base 8.
-7
Convert -8d (base 15) to base 5.
-1013
What is -5 (base 15) in base 14?
-5
Convert -20 (base 3) to base 8.
-6
What is -70 (base 12) in base 5?
-314
-11 (base 3) to base 16
-4
What is -9 (base 15) in base 2?
-1001
Convert 1 (base 13) to base 10.
1
-80 (base 10) to base 13
-62
Convert 1 (base 5) to base 15.
1
Convert -b (base 15) to base 7.
-14
Convert 45 (base 10) to base 6.
113
-32 (base 6) to base 2
-10100
What is 3020 (base 4) in base 16?
c8
What is 10101 (base 2) in base 14?
17
What is -2 (base 3) in base 2?
-10
Convert -1 (base 14) to base 16.
-1
What is b3 (base 12) in base 11?
113
0 (base 14) to base 5
0
What is 37 (base 8) in base 3?
1011
Convert -5e (base 16) to base 12.
-7a
Convert 31 (base 10) to base 8.
37
4 (base 14) to base 3
11
Convert 1010 (base 2) to base 14.
a
Convert -4b (base 12) to base 8.
-73
23 (base 8) to base 11
18
What is 26 (base 9) in base 6?
40
Convert -57 (base 14) to base 10.
-77
Convert 1003 (base 7) to base 4.
11122
What is 46 (base 10) in base 3?
1201
Convert 12211 (base 3) to base 2.
10011101
-12 (base 3) to base 9
-5
What is 1b (base 15) in base 13?
20
Convert 3 (base 13) to base 5.
3
Convert 43 (base 12) to base 5.
201
Convert -12 (base 14) to base 7.
-22
What is 1110 (base 6) in base 12?
196
Convert -127 (base 9) to base 15.
-71
112 (base 3) to base 2
1110
What is -1311 (base 4) in base 12?
-99
Convert 8 (base 15) to base 7.
11
-31 (base 4) to base 10
-13
122 (base 3) to base 9
18
What is 10 (base 2) in base 4?
2
123 (base 4) to base 16
1b
11 (base 2) to base 12
3
What is 1011 (base 2) in base 9?
12
-35 (base 11) to base 14
-2a
-31 (base 13) to base 4
-220
Convert -71 (base 8) to base 16.
-39
Convert 1 (base 13) to base 7.
1
Convert 17 (base 16) to base 9.
25
-d (base 14) to base 7
-16
Convert -10001000 (base 2) to base 16.
-88
110 (base 2) to base 11
6
Convert -31 (base 11) to base 7.
-46
Convert 10 (base 6) to base 7.
6
-17 (base 13) to base 14
-16
Convert -211 (base 3) to base 16.
-16
Convert 0 (base 5) to base 2.
0
5 (base 12) to base 4
11
2 (base 16) to base 6
2
What is 1 (base 13) in base 6?
1
20 (base 14) to base 2
11100
Convert 1 (base 3) to base 12.
1
What is -14 (base 16) in base 13?
-17
-35 (base 6) to base 15
-18
-41 (base 8) to base 6
-53
Convert 3b (base 14) to base 13.
41
16 (base 8) to base 7
20
Convert -23 (base 8) to base 5.
-34
26 (base 7) to base 14
16
Convert -10 (base 9) to base 8.
-11
What is -15 (base 8) in base 9?
-14
Convert -52 (base 13) to base 10.
-67
-22 (base 6) to base 4
-32
32 (base 6) to base 9
22
1 (base 9) to base 3
1
-31 (base 6) to base 9
-21
Convert 19 (base 12) to base 13.
18
Convert 15 (base 16) to base 4.
111
Convert -52 (base 9) to base 15.
-32
What is 20220 (base 3) in base 11?
15a
What is -7 (base 16) in base 7?
-10
Convert -2 (base 6) to base 13.
-2
Convert -14 (base 9) to base 5.
-23
1101 (base 3) to base 4
211
-10 (base 6) to base 3
-20
What is 32 (base 11) in base 8?
43
What is -4 (base 7) in base 6?
-4
Convert 0 (base 2) to base 16.
0
Convert -31 (base 6) to base 5.
-34
12 (base 6) to base 11
8
-43 (base 8) to base 5
-120
4b (base 16) to base 11
69
-2 (base 3) to base 4
-2
Convert -2 (base 16) to base 3.
-2
Convert -6 (base 8) to base 7.
-6
What is -4b (base 12) in base 13?
-47
-121 (base 3) to base 15
-11
-6 (base 9) to base 12
-6
3 (base 7) to base 8
3
Convert 0 (base 12) to base 2.
0
What is -10100 (base 2) in base 10?
-20
What is -20 (base 8) in base 10?
-16
Convert -a1 (base 13) to base 7.
-245
0 (base 10) to base 7
0
Convert 4 (base 9) to base 3.
11
-6 (base 10) to base 7
-6
Convert 1302 (base 5) to base 9.
244
Convert 65 (base 9) to base 14.
43
What is b (base 13) in base 7?
14
0 (base 7) to base 8
0
What is -107 (base 12) in base 13?
-b8
Convert -11001110 (base 2) to base 16.
-ce
Convert 20 (base 7) to base 12.
12
What is 150 (base 6) in base 13?
51
-14 (base 7) to base 3
-102
What is -1024 (base 5) in base 9?
-164
What is 213 (base 4) in base 15?
29
Convert -1000101 (base 2) to base 4.
-1011
Convert -110 (base 2) to base 4.
-12
What is -2333 (base 4) in base 13?
-119
-4 (base 9) to base 16
-4
1 (base 12) to base 9
1
What is 2 (base 12) in base 7?
2
Convert 23 (base 11) to base 7.
34
What is 0 (base 3) in base 16?
0
6a (base 12) to base 10
82
25 (base 16) to base 10
37
-2 (base 3) to base 8
-2
What is 0 (base 15) in base 7?
0
221 (base 10) to base 4
3131
Convert 31 (base 8) to base 7.
34
Convert 5 (base 14) to base 12.
5
What is 20 (base 5) in base 3?
101
Convert b (base 12) to base 14.
b
2 (base 12) to base 10
2
6 (base 16) to base 14
6
What is -13 (base 5) in base 16?
-8
Convert 12 (base 8) to base 15.
a
What is 1 (base 7) in base 5?
1
Convert -3 (base 10) to base 9.
-3
Convert 32 (base 13) to base 11.
38
10201 (base 3) to base 7
202
What is -16 (base 10) in base 12?
-14
Convert 0 (base 16) to base 11.
0
Convert 10 (base 12) to base 10.
12
Convert 38 (base 16) to base 2.
111000
3f (base 16) to base 9
70
3023 (base 5) to base 12
284
13 (base 12) to base 13
12
Convert -110 (base 2) to base 9.
-6
What is 23 (base 5) in base 6?
21
13 (base 7) to base 6
14
What is -4 (base 13) in base 7?
-4
Convert -26 (base 8) to base 14.
-18
Convert -2 (base 12) to base 10.
-2
Convert 14 (base 6) to base 3.
101
-100 (base 2) to base 5
-4
What is 23 (base 13) in base 12?
25
What is -17 (base 10) in base 2?
-10001
Convert -10 (base 6) to base 7.
-6
1000111 (base 2) to base 7
131
Convert 2 (base 13) to base 9.
2
Convert -4 (base 5) to base 15.
-4
What is -2 (base 14) in base 2?
-10
What is 3 (base 7) in base 14?
3
-10 (base 10) to base 15
-a
Convert -6 (base 11) to base 14.
-6
Convert -1 (base 16) to base 9.
-1
Convert -33 (base 14) to base 13.
-36
-21 (base 9) to base 7
-25
1 (base 15) to base 16
1
Convert -12 (base 3) to base 10.
-5
350 (base 6) to base 8
212
What is -45 (base 13) in base 3?
-2010
-1320 (base 4) to base 8
-170
-11 (base 2) to base 7
-3
Convert 6 (base 8) to base 5.
11
Convert -6 (base 14) to base 13.
-6
What is 0 (base 5) in base 12?
0
What is 3 (base 11) in base 7?
3
Convert 2 (base 15) to base 5.
2
What is -134 (base 6) in base 7?
-112
Convert -36 (base 10) to base 13.
-2a
What is -1 (base 8) in base 15?
-1
43 (base 6) to base 15
1c
Convert 34 (base 6) to base 3.
211
What is -2 (base 13) in base 7?
-2
-1032 (base 4) to base 14
-58
1 (base 16) to base 9
1
11 (base 5) to base 16
6
-26 (base 9) to base 5
-44
What is -4 (base 10) in base 12?
-4
What is 3 (base 7) in base 4?
3
What is 1 (base 13) in base 7?
1
Convert -2 (base 10) to base 9.
-2
Convert -244 (base 9) to base 7.
-406
Convert 0 (base 10) to base 13.
0
22 (base 3) to base 16
8
What is -205 (base 7) in base 15?
-6d
Convert 3311 (base 4) to base 14.
137
Convert -8 (base 11) to base 6.
-